 p + g = 5*d. What is the units digit of d?
7
Let z(v) = 5*v**2 + v - 1. Let n be z(1). Let m(u) = 3*u - 6. Let y be m(n). Suppose r - 2*r + y = 0. What is the units digit of r?
9
Suppose f + 82 = -3*f - h, -107 = 5*f - h. What is the units digit of (-7)/(f/30) + -1?
9
Let n be (-2)/3 - (-8)/3. Suppose 0 = -x - 3*x. Suppose -5*w + t + 8 = x, 0 = -w + 2*t - n - 0. What is the units digit of w?
2
Suppose 0 = -4*w - a + 50, 4*w - 18 - 36 = -3*a. What is the tens digit of w?
1
Let n = 54 + -19. What is the tens digit of n?
3
Let h(k) = k**2 + 15*k - 22. What is the units digit of h(-17)?
2
Suppose -i + 0*i = -2. Let s(d) = d**2 + 7*d - 5. Let h be s(-7). Let t = i - h. What is the units digit of t?
7
Suppose 9*y = 6*y + 252. What is the units digit of y?
4
Let p = -54 + 134. Let j = p + -53. What is the units digit of j?
7
What is the units digit of (-1)/(3 + 44/(-14))?
7
Let u = 18 - -24. What is the units digit of u?
2
Let t(k) = 3*k**2. Let j be t(-1). Let z be (-3)/(9/j)*0. Let i(q) = q**3 + q**2 - q + 7. What is the units digit of i(z)?
7
Suppose -3*w - 5 - 3 = 4*s, -20 = 4*s. Suppose -7 - 21 = w*c. Let n = 16 + c. What is the units digit of n?
9
Let b(c) = -2*c**3 - 6*c**2 - 2*c - 7. What is the tens digit of b(-4)?
3
Suppose 3 - 7 = -2*n. Suppose -n*j + 5 + 17 = 0. What is the tens digit of j?
1
Let y(x) = -x**3 + 4*x**2 - x - 4. Let o be y(3). Let m(u) = -5*u - 1 + 2*u**o + 0*u + 3*u. What is the units digit of m(-1)?
3
Suppose 6*o = 2*x + 4*o + 6, -o = -5*x - 7. What is the tens digit of (11/33)/(x/(-33))?
1
Suppose a = 6*a + 175. Let q = 4 - a. What is the tens digit of q?
3
Let u be 0/(((-2)/2)/1). Suppose u = 4*n - 5*v - 5 - 3, -2*v = -2*n + 4. Suppose -a - n + 4 = 0. What is the units digit of a?
2
Let f = -12 + 20. Suppose -4*s + 80 = f. What is the units digit of s?
8
Let j(s) = 4*s - s**3 + 3*s + 3*s - 8*s**2 + 13. Let f be j(-9). Suppose -1 - f = -u. What is the units digit of u?
5
Let f(z) = -8*z + 16. Let y(o) = 7*o - 15. Let n(r) = -6*f(r) - 7*y(r). What is the units digit of n(4)?
5
Let l = 54 + -21. Let r = l + -14. What is the tens digit of r?
1
Let k = 12 - -9. What is the tens digit of k?
2
Let u = 1 + 0. What is the units digit of u?
1
Suppose -n = n - 122. What is the units digit of n?
1
Suppose -2*y = 0, -5*y = 3*q - 2*q - 3. Let o be 3*(q/3 + -2). Let g = 10 + o. What is the units digit of g?
7
Let j(g) = -g**3 + 11*g**2 - 14*g + 5. What is the units digit of j(9)?
1
Let q(d) = d**2 + d + 1. Let t(x) = -4*x**2 + 3*x - 1. Let u(p) = -2*q(p) - t(p). What is the units digit of u(6)?
1
Let o be (-2)/6 - 184/(-12). What is the units digit of ((-6)/o)/(2/(-20))?
4
Let i = -6 - -16. What is the tens digit of i?
1
Let z(f) = -f**2 + 7*f + 6. Suppose 4*u + 4 = 3*a, 1 = -5*u + 3*a - 1. Let d be (-60)/(-9) + u/6. What is the units digit of z(d)?
6
Let o be ((-6)/(-15))/((-1)/(-5)). Let l(s) = -17*s + 1 + 17*s + 2*s**2. What is the units digit of l(o)?
9
Let z(d) = -3*d**2 - d - 2. Let u be z(3). Let i be u/(-40)*1*5. Suppose -i*g + 79 - 11 = 0. What is the tens digit of g?
1
Let u(c) = -c**2 + 8*c - 8. Let i be u(6). Suppose -2*h + i*h - 34 = -5*p, -h + 2*p = 1. What is the units digit of h?
7
Suppose 3*j - 1 - 1 = -4*g, -j + 2*g = -14. Let d = 17 - j. What is the units digit of d?
1
Let f = -7 + 7. Suppose f = -4*y + 109 + 63. What is the tens digit of y?
4
Let t be (14/(-6))/(4/12). Let w(q) = -7*q + 24*q**3 - 8*q**2 - 2*q - 25*q**3. What is the units digit of w(t)?
4
Suppose 214 = 6*a - 248. What is the units digit of a?
7
Let c = -6 + 8. Let w = 3 + c. Suppose 11 = w*o - 4. What is the units digit of o?
3
Let g(j) = j**3 + 9*j**2 + 5*j - 7. Let m be g(-8). Suppose 5*v = -3*q + 123, -v + 4 = -3*q - m. What is the units digit of v?
4
Let n be (-6)/4*(-16)/6. Suppose n*i = -0*i - 12. What is the units digit of (-2)/(-6) - 20/i?
7
Suppose -5*s + n + 40 + 19 = 0, -3*s + 4*n = -49. What is the units digit of s?
1
Let f(h) = 6*h**3 - 4*h**2 + 7*h - 3 - 8*h**3 + h**3. What is the tens digit of f(-6)?
2
Let k be -3 + 1*-2*1. Let z(i) = 5*i - 1. Let w be z(-1). What is the units digit of (-22)/k - w/(-15)?
4
Let s(p) = -p**3 + 4*p**2 + 7*p - 3. Let m be s(5). Suppose y + 2*f - 7 = 0, 2*y - 2*f + m*f - 18 = 0. What is the units digit of (-1)/(y*(-1)/(-6))?
6
Suppose 2*n + 148 = 4*n. Suppose p + n = 3*c, 0*c = c + p - 18. What is the units digit of c?
3
Let p be -10*((-14)/5 - -2). What is the units digit of (-20)/p*4/(-5)?
2
Let j = -49 - -92. Let o = j + -22. What is the tens digit of o?
2
Let f(k) = -k**3 + 6*k**2 + k - 2. Let b be f(4). Suppose -2*q + 3*q = -3*o + b, 3*o + 4*q - 28 = 0. What is the units digit of o?
2
Let o(l) = -2 - l**2 - 3*l - 7*l - 3*l + 4*l. What is the tens digit of o(-7)?
1
Suppose -2*d - 2*d = -52. Suppose -5*o = -d - 62. What is the tens digit of o?
1
Let k(d) = -d - 8. Let u = -24 + 7. What is the units digit of k(u)?
9
Suppose 0 = 7*g - 467 - 1010. What is the hundreds digit of g?
2
Let z(g) = -6*g**3 + 3*g + 5. What is the units digit of z(-2)?
7
Let v be (-6)/8 - 27/12. What is the units digit of (1 - 8)/(-4 - v)?
7
Let j(k) = -k + 13. Suppose 5*s + 2*p = 24, 5*s + p - 6*p = 10. Suppose 0 = 2*y + a + 2 - 14, -s*y + 5*a + 52 = 0. What is the units digit of j(y)?
5
Let z(g) be the second derivative of g**3/6 - 4*g. Let h be z(-3). What is the units digit of (26 - (-2 - -3)) + h?
2
Let u = 6 - -2. Let a = 9 + u. What is the tens digit of a?
1
Let u(p) = -p + 23. What is the units digit of u(11)?
2
Suppose -16*t = -12*t - 164. What is the units digit of t?
1
Suppose 59*l + 30 = 64*l. What is the units digit of l?
6
Let d = -11 + 12. What is the units digit of d?
1
Let p(y) = y**3 + 6*y**2 - 3*y + 7. Let g be p(-6). Suppose w = 6*w - g. What is the units digit of w?
5
Let v(g) = -7 + 4*g - g - g. Suppose -3*t + 3 = 5*l - 16, 4*l - 26 = 3*t. What is the units digit of v(l)?
3
Let y be -3*(14/(-3))/2. Let q(m) be the first derivative of m**4/4 - 8*m**3/3 + 7*m**2/2 + 2*m - 2. What is the units digit of q(y)?
2
Let k(c) = c**3 - 6*c**2 + 6*c - 7. Let b be k(5). Let p be b/(-4) - (-45)/10. Suppose -12 = -p*o + 53. What is the units digit of o?
3
Suppose 0 = -4*o - 24 + 76. Let k(t) = 4*t + 3. What is the tens digit of k(o)?
5
Suppose 44 = -6*i + 278. What is the units digit of i?
9
Let u(i) = -i**2 + 13*i + 10. Suppose 2*d - 4 - 22 = 0. What is the units digit of u(d)?
0
Let s(g) = -g - 22. Let j(w) = w + 23. Let m(p) = -6*j(p) - 7*s(p). What is the units digit of m(-7)?
9
Suppose -z - 285 = -i - 114, -i + 179 = 3*z. What is the hundreds digit of i?
1
Suppose 4*c - 1 = -13, 5*c = -3*a - 39. Let f be (-1 + a)/(1/1). What is the units digit of 1 + -1 + f/(-3)?
3
Let h be ((2 - 2) + 1)*0. Suppose h = w + f - 6 - 3, 0 = 3*w - f - 31. Let a = 16 - w. What is the units digit of a?
6
Let y(i) = 11*i - 3. What is the units digit of y(1)?
8
Suppose -o + 230 = r, -274 + 56 = -r - 4*o. What is the hundreds digit of r?
2
Suppose 2*g + 294 = 5*h + 32, 0 = 4*h - 5*g - 196. What is the units digit of h?
4
Let i = 1 + 2. Let t be (-3)/(-6) + 10/4. Suppose 5*n + t*d - 10 = 40, -i*d = 3*n - 30. What is the units digit of n?
0
Let a = 470 + -331. What is the tens digit of a?
3
Suppose -k + 21 - 2 = 0. Let q = k + -12. What is the units digit of (-10)/35 + 16/q?
2
Let k = 5 - 3. What is the units digit of k/(-4)*(-5 + 3)?
1
Suppose c - 25 = -4*i, -5*c + 79 = -2*i - i. What is the units digit of c?
7
Let y(p) = 24*p**2 - 1. What is the units digit of y(1)?
3
Let d(g) = -g**3 + 3*g**2 + g - 1. What is the units digit of d(2)?
5
Let a(x) = x**2 + 3*x - 14. Let y be a(6). Suppose 5*j = -5*r + 120 + y, -r - 76 = -2*j. What is the units digit of j?
6
Let f(k) = -k**3 - 5*k**2 + 7*k + 4. Let u be f(-7). Let a = u - 33. What is the tens digit of a?
2
Let u(f) = f - 5 - 1 + 3. Let v be u(6). What is the units digit of (-2 - 5)/(2 - v)?
7
Suppose 648 + 117 = 3*j. What is the hundreds digit of j?
2
Let f(l) = 48*l - 30. What is the hundreds digit of f(5)?
2
What is the tens digit of (-48)/(-12) + 219/1?
2
Let s(v) = v**3 + v**2 - v - 1. Let b be 6/(-10) - (-2)/(-5). Let f be s(b). Let w = 4 - f. What is the units digit of w?
4
Let k = 27 + -13. What is the units digit of 2/(-1 + k/10)?
5
Let m be 130/35 + (-4)/(-14). Suppose -w - m = -2*w